reds digit of 506?
5
What is the units digit of 2438?
8
What is the units digit of 10100?
0
What is the tens digit of 2569?
6
What is the units digit of 28430?
0
What is the units digit of 2934?
4
What is the units digit of 6?
6
What is the tens digit of 37580?
8
What is the hundreds digit of 54251?
2
What is the hundreds digit of 5874?
8
What is the ten thousands digit of 88122?
8
What is the tens digit of 1557?
5
What is the hundreds digit of 3424?
4
What is the thousands digit of 2946?
2
What is the hundreds digit of 1136?
1
What is the units digit of 193?
3
What is the tens digit of 4724?
2
What is the ten thousands digit of 59191?
5
What is the units digit of 2399?
9
What is the thousands digit of 1912?
1
What is the tens digit of 3938?
3
What is the units digit of 80471?
1
What is the thousands digit of 82062?
2
What is the tens digit of 7058?
5
What is the thousands digit of 4038?
4
What is the thousands digit of 2969?
2
What is the tens digit of 542?
4
What is the units digit of 1135?
5
What is the hundreds digit of 30023?
0
What is the hundreds digit of 2649?
6
What is the hundreds digit of 14641?
6
What is the hundreds digit of 723?
7
What is the tens digit of 1911?
1
What is the units digit of 1481?
1
What is the units digit of 32227?
7
What is the thousands digit of 8502?
8
What is the tens digit of 32891?
9
What is the tens digit of 3207?
0
What is the hundreds digit of 373?
3
What is the thousands digit of 26038?
6
What is the tens digit of 2045?
4
What is the tens digit of 6065?
6
What is the thousands digit of 25847?
5
What is the units digit of 3966?
6
What is the hundreds digit of 4834?
8
What is the tens digit of 459?
5
What is the thousands digit of 23357?
3
What is the thousands digit of 4510?
4
What is the units digit of 4899?
9
What is the tens digit of 146?
4
What is the tens digit of 66055?
5
What is the thousands digit of 1592?
1
What is the hundreds digit of 6568?
5
What is the units digit of 1069?
9
What is the ten thousands digit of 70500?
7
What is the units digit of 50035?
5
What is the hundreds digit of 28219?
2
What is the thousands digit of 16154?
6
What is the units digit of 5656?
6
What is the tens digit of 746?
4
What is the ten thousands digit of 15001?
1
What is the units digit of 1?
1
What is the units digit of 10582?
2
What is the units digit of 93030?
0
What is the tens digit of 3427?
2
What is the units digit of 12581?
1
What is the thousands digit of 8742?
8
What is the units digit of 6857?
7
What is the units digit of 216?
6
What is the units digit of 764?
4
What is the tens digit of 80400?
0
What is the thousands digit of 37832?
7
What is the tens digit of 68119?
1
What is the tens digit of 1605?
0
What is the hundreds digit of 62256?
2
What is the units digit of 1496?
6
What is the hundreds digit of 6508?
5
What is the hundreds digit of 4780?
7
What is the tens digit of 33393?
9
What is the ten thousands digit of 28206?
2
What is the tens digit of 107934?
3
What is the thousands digit of 129702?
9
What is the tens digit of 174?
7
What is the hundreds digit of 1310?
3
What is the ten thousands digit of 77050?
7
What is the hundreds digit of 110?
1
What is the tens digit of 404?
0
What is the units digit of 8718?
8
What is the tens digit of 1449?
4
What is the units digit of 389?
9
What is the ten thousands digit of 19267?
1
What is the units digit of 49191?
1
What is the tens digit of 4243?
4
What is the tens digit of 3210?
1
What is the thousands digit of 1450?
1
What is the tens digit of 1308?
0
What is the units digit of 2020?
0
What is the ten thousands digit of 56606?
5
What is the tens digit of 272?
7
What is the thousands digit of 51078?
1
What is the hundreds digit of 3064?
0
What is the hundreds digit of 14060?
0
What is the thousands digit of 5735?
5
What is the tens digit of 37585?
8
What is the tens digit of 55456?
5
What is the thousands digit of 2098?
2
What is the hundreds digit of 83885?
8
What is the tens digit of 934?
3
What is the hundreds digit of 427?
4
What is the tens digit of 14238?
3
What is the units digit of 467?
7
What is the thousands digit of 41905?
1
What is the hundreds digit of 4061?
0
What is the tens digit of 16324?
2
What is the units digit of 2078?
8
What is the thousands digit of 1161?
1
What is the hundreds digit of 23471?
4
What is the tens digit of 196?
9
What is the thousands digit of 38125?
8
What is the units digit of 378?
8
What is the ten thousands digit of 99533?
9
What is the thousands digit of 53662?
3
What is the units digit of 841?
1
What is the hundreds digit of 10652?
6
What is the hundreds digit of 12725?
7
What is the hundreds digit of 2153?
1
What is the thousands digit of 28962?
8
What is the hundreds digit of 158?
1
What is the units digit of 598?
8
What is the thousands digit of 7286?
7
What is the thousands digit of 2264?
2
What is the hundreds digit of 23649?
6
What is the units digit of 130?
0
What is the thousands digit of 5173?
5
What is the hundreds digit of 1863?
8
What is the hundreds digit of 10613?
6
What is the tens digit of 6251?
5
What is the units digit of 815?
5
What is the hundreds digit of 5015?
0
What is the tens digit of 1210?
1
What is the ten thousands digit of 49478?
4
What is the hundreds digit of 26709?
7
What is the hundreds digit of 390?
3
What is the units digit of 1365?
5
What is the tens digit of 2421?
2
What is the tens digit of 131?
3
What is the units digit of 2864?
4
What is the hundreds digit of 24147?
1
What is the ten thousands digit of 39996?
3
What is the thousands digit of 96056?
6
What is the units digit of 38420?
0
What is the hundreds digit of 11593?
5
What is the hundreds digit of 16424?
4
What is the tens digit of 27659?
5
What is the hundreds digit of 1378?
3
What is the units digit of 5176?
6
What is the thousands digit of 38729?
8
What is the hundreds digit of 139066?
0
What is the units digit of 2597?
7
What is the hundreds digit of 6961?
9
What is the units digit of 1345?
5
What is the thousands digit of 1653?
1
What is the ten thousands digit of 12049?
1
What is the hundreds digit of 5408?
4
What is the hundreds digit of 3843?
8
What is the units digit of 11228?
8
What is the tens digit of 28?
2
What is the thousands digit of 6085?
6
What is the ten thousands digit of 24590?
2
What is the thousands digit of 9113?
9
What is the hundreds digit of 10197?
1
What is the tens digit of 1971?
7
What is the hundreds digit of 7677?
6
What is the thousands digit of 3449?
3
What is the tens digit of 108294?
9
What is the hundreds digit of 1481?
4
What is the ten thousands digit of 82058?
8
What is the tens digit of 15481?
8
What is the hundreds digit of 558?
5
What is the tens digit of 2744?
4
What is the units digit of 4988?
8
What is the units digit of 3770?
0
What is the hundreds digit of 49117?
1
What is the thousands digit of 70508?
0
What is the hundred thousands digit of 127928?
1
What is the tens digit of 13585?
8
What is the ten thousands digit of 35328?
3
What is the ten thousands digit of 89570?
8
What is the ten thousands digit of 56573?
5
What is the tens digit of 1810?
1
What is the units digit of 2755?
5
What is the tens digit of 76069?
6
What is the hundreds digit of 1567?
5
What is the thousands digit of 19043?
9
What is the hundreds digit of 1732?
7
What is the units digit of 1498?
8
What is the tens digit of 1786?
8
What is the hundreds digit of 1245?
2
What is the tens digit of 122?
2
What is the units digit of 2957?
7
What is the hundreds digit of 4604?
6
What is the hundreds digit of 88600?
6
What is the tens digit of 5184?
8
What is the tens digit of 6801?
0
What is the ten thousands digit of 12763?
1
What is the ten thousands digit of 33186?
3
What is the hundreds digit of 6927?
9
What is the thousands digit of 1613?
1
What is the units digit of 5275?
5
What is the thousands digit of 1106?
1
What is the units digit of 28375?
5
What is the thousands digit of 3333?
3
What is the ten thousands digit of 88839?
8
What is the thousands digit of 7708?
7
What is the hundreds digit of 235?
2
What is the units digit of 70?
0
What is the tens digit of 5261?
6
What is the thousands digit of 11165?
1
What is the thousands digit of 15914?
5
What is the tens digit of 12847?
4
What is the t